. Is p a prime number?
False
Let t = -1085 - -1831. Is t a prime number?
False
Suppose -399 = -3*d - 2*b, 3*b = -5*d + b + 665. Is d prime?
False
Let b(d) = -15*d + 1. Suppose 5*n = s - 3, -2*s + 3*n - 8*n = 24. Let y be b(s). Suppose y = v + v. Is v a prime number?
True
Let m be 13/4 - 4/16. Let c(j) = 11*j**3 + 2 + 1 - j**3 - m*j. Is c(2) a prime number?
False
Suppose 8 = 2*g + 2*g + 2*w, g + 4*w = 2. Suppose -r - g*r = -987. Is r prime?
False
Let c(o) = 9*o + 1 - 1. Let h(x) = 8*x - 1. Let s(n) = -4*c(n) + 5*h(n). Is s(7) a prime number?
True
Let y be 7/(-5) + (-2)/(-5). Is 2/(y/(-1)) - -75 a composite number?
True
Let z = -42 + 253. Is z prime?
True
Let q(v) = v - 1. Let k be (10/(-3))/(2/(-3)). Let z be q(k). Is (-178)/4*(-8)/z a prime number?
True
Let c(w) = -27*w + 6. Is c(-5) a composite number?
True
Suppose -4*n - 12 = -p, -5*n + n - 28 = 3*p. Let w(j) = -j**3 - 3*j**2 - 4*j + 3. Is w(p) composite?
True
Let s = -94 + 217. Is s composite?
True
Let r(q) = 3*q**2 - 2*q**3 + 0 - 7*q - 5 + q**3 + 2*q**3. Suppose 2*o + 3*u + 2*u + 8 = 0, 2*o - 4*u = -8. Is r(o) a prime number?
True
Suppose -9*y = y - 9260. Is y composite?
True
Suppose -4*y + 11 + 0 = 3*c, -4*c + 3*y = -23. Let v(f) = -f**3 + 5*f**2 + f - 2. Let o be v(c). Suppose r - 36 = -4*b + o*r, r + 4 = 0. Is b composite?
False
Let p(c) = 6*c - 5. Let x be (-2)/(-2) - 2 - 2. Let o = x - -7. Is p(o) composite?
False
Let j(r) = 7*r**3 - 6*r**2 - 8*r + 16. Is j(5) prime?
True
Let t(x) = -x**3 + 6*x**2 + 2*x - 5. Let v be t(-5). Suppose -5*b + 5*h + v = 0, 4*b + 4*h - 216 = -0*h. Is b a prime number?
True
Suppose 6*c = 3*c. Suppose -3*s = -c*s - 237. Is s prime?
True
Is -116*((-1 - -1) + (-49)/28) a composite number?
True
Suppose s + 4 = -s. Let h be ((-2)/(-4))/(s/(-4)). Is 26/(((-4)/(-10))/h) a prime number?
False
Let r be 2/(-6) + 1022/(-21). Let q = 71 + r. Is q prime?
False
Let t be -2 - 2*(-9)/3. Suppose t*p = 505 - 53. Suppose 38 = -5*v + p. Is v a composite number?
True
Let f(y) = 71*y + 1. Is f(3) a composite number?
True
Let u(j) = -12*j**3 + 3*j**2 + 4*j. Is u(-3) composite?
True
Suppose -2*x - 27 = 5*g, 4*x + 12 = -3*g - 7. Is 150 - (x + (-6)/(-3)) composite?
False
Let o = -5 + 7. Suppose -s = o*q + 4*s - 38, 5*q - 95 = 4*s. Is q composite?
False
Suppose 5*g + 355 = -d + 1671, 6685 = 5*d + 4*g. Let c = -944 + d. Is c composite?
False
Let r(g) = -g**3 + g**2 + g + 253. Is r(0) prime?
False
Let j be ((-24)/1)/1 - -3. Is -5*3*119/j a prime number?
False
Suppose 0 = 5*z + 23 - 8. Let y be ((-8)/z + -2)*6. Suppose y*s - 157 + 9 = 0. Is s a prime number?
True
Suppose 1 = 2*t - 7. Suppose 5*h + 229 = 2*n - 0*h, 0 = 4*n - 5*h - 463. Suppose t*p = p + n. Is p a composite number?
True
Suppose 25878 = 6*o - 0*o. Is o a composite number?
True
Suppose 3*x = 2*x + 2. Suppose -4*r + 6 = -x*r. Is r prime?
True
Suppose 3*u = t + 70 + 29, 2*u + 4*t = 66. Let g = 66 - u. Is g prime?
False
Suppose -12 = 3*h + 5*s + 5, -3*h + s + 7 = 0. Is (37 - (1 - h)) + -2 a composite number?
True
Suppose 3*o - 77 - 325 = 0. Is o a prime number?
False
Is ((-1)/(-4))/((-5)/(-9580)) a composite number?
False
Let c(r) = 587*r**3 - r**2 + 3*r - 2. Is c(1) a prime number?
True
Suppose -f = 3*t - 0*t - 514, -t + f = -166. Let w = t + -47. Is w composite?
True
Let n(u) = u**3 + 6*u**2 + 7. Let j be n(-6). Suppose 0 = j*g - 3*g - 624. Suppose 0 = -0*d + 4*d - g. Is d composite?
True
Suppose -7*y + 652 = -3*y. Is y a composite number?
False
Suppose 55287 = -7*k + 16*k. Is k a composite number?
False
Let r be 0 + 3/3 + -1. Suppose 6*f - 2*f - 1316 = r. Is f prime?
False
Let w = 113 - 60. Let i = -20 + w. Is i composite?
True
Let j be (-1)/((-1)/1)*0. Let k be 4 + 154 + 1 + j. Suppose 0*n + k = 3*n. Is n a composite number?
False
Suppose 4*a = -82 + 522. Suppose 6*r - r - a = 0. Is r composite?
True
Let g(r) = r**2 - 18*r - 11. Let o be g(14). Let l = o + 154. Is l a prime number?
False
Suppose 171 - 817 = -2*y. Is y composite?
True
Let z(r) = -r - 6. Let d be z(-8). Let u be (1 - -5)/d + 2. Suppose -u = -2*j + 65. Is j prime?
False
Suppose -u + 5*u = 64. Suppose u = 2*q - 4. Is q prime?
False
Suppose 2*s - 5 = -1. Suppose -2*v = s*v - 196. Is v a composite number?
True
Let q(l) = -24*l + 19. Is q(-4) a composite number?
True
Suppose 7 = 5*a - 3. Suppose -75 = a*m - 7*m. Is m composite?
True
Suppose -87 = 2*c + 3. Let l = c - -94. Is l composite?
True
Let w = -18 + 18. Let i(k) = -k. Let a be i(-3). Suppose w = -b - a*b - h + 27, h = -2*b + 13. Is b a composite number?
False
Let v = 10 + -7. Let b(y) = -y**3 - 3*y**2 - 2*y - 4. Let j be b(-3). Suppose -v*n + 23 = j. Is n prime?
True
Suppose -2*y = -4*n - 2, 3*y - 5*n + 2 = 2*y. Suppose -7*t + 338 = 4*b - 6*t, t = -y*b + 253. Is b prime?
False
Suppose 4*b - 5*o - 283 = 0, -4*b + 0*o + 4*o + 280 = 0. Is b prime?
True
Let k = 1207 + -3613. Is (-7)/(-28) + k/(-8) a prime number?
False
Let s = -2391 - -4828. Is s a composite number?
False
Suppose 0*x - 5*x = -580. Let y(i) = i**2 + 3*i - 3. Let b be y(-5). Suppose -2*n - 86 = -3*w - b*n, x = 3*w - n. Is w prime?
True
Is ((-34)/(-10) + -2)*505 prime?
False
Let z(n) = 15*n**2 - 5*n - 5. Is z(-6) a prime number?
False
Let q(u) = -u**3 - 6*u**2 + 21*u - 19. Is q(-18) composite?
False
Let q(s) = 10*s - 1 - 6 - 3*s**2 + 6*s**2 - 4*s**2. Let r be q(9). Is 3*r/(-6)*-49 a composite number?
True
Let c(k) = 131*k - 40. Is c(7) prime?
True
Suppose 2*l = -5*l + 16751. Is l composite?
False
Let h = 136 - -262. Is h a composite number?
True
Is 6/3 + 0 - -5 prime?
True
Let m(x) = 2*x**2 - 7. Is m(5) composite?
False
Is -6238*(2 + 10/(-8)*2) a prime number?
True
Let r(q) = 6*q**2 - 3*q - 9. Let t be r(7). Suppose -d + t = -p + 6*p, -3*p + 160 = -d. Is p composite?
False
Let w(t) = 2*t**3 - 29*t**2 - 25*t - 9. Is w(16) prime?
True
Let q(r) be the third derivative of -r**5/60 + r**4/12 + r**3/3 + r**2. Let y be q(2). Is (-1 + 3)*37/y a composite number?
False
Suppose 3*p = 7*p - 20. Suppose 3*o - o = -3*s + 48, -p*s = 5*o - 85. Is s a composite number?
True
Let y be (14/(-4))/(3/42). Is 520/14 - (-7)/y composite?
False
Let r(s) = 47*s - 1. Let m = 6 + -5. Is r(m) prime?
False
Let t be (-124)/6 - (-2)/(-6). Let w = 12 + t. Is -3*(30/w + 0) a composite number?
True
Let h = -938 - -1693. Is h a prime number?
False
Suppose -2*w + 33 = 3*c, 8*w - 3*w - 25 = 4*c. Let k be (-31)/(1 - w/6). Suppose y - k = -y. Is y composite?
False
Let l = 5 + -4. Suppose 6 + l = a. Is a a composite number?
False
Let j(y) = y**3 - y + 1465. Let u be j(0). Suppose 8*a = 13*a - u. Is a prime?
True
Let h = 3070 - 1709. Is h a prime number?
True
Let a be 2*30/(-8)*-18. Suppose -2*x + 3 = a. Let k = 31 - x. Is k a prime number?
True
Let r = 60 + -14. Is r a composite number?
True
Let b be (1 - -9)*204/8. Let x = -32 + b. Is x a prime number?
True
Let v be ((-6)/(-4) + -1)*4. Suppose -m - 5 = -v*m. Suppose -3*n + 2*n + a = -11, 4*n = -m*a + 71. Is n composite?
True
Suppose 4*b - 156 = -0*b. Suppose 2*f - 63 - b = 0. Is f prime?
False
Suppose n + 3*i - 21 = 0, 5*i - 19 = n - 0*n. Let x(b) = 10*b - 9. Let u be x(n). Let f = 32 + u. Is f composite?
False
Let n(r) = r + 10. Let g be n(7). Let v = -8 + g. Suppose -x = 2*x - 4*l - 55, l = -x + v. Is x composite?
False
Let g = -11 - -11. Is (-3 - g)*(-85)/3 a prime number?
False
Suppose 0 = -4*r + 17 + 15. Let h(s) = 3*s - 1. Is h(r) a prime number?
True
Let c be (-788)/(-20) - (-2)/(-5). Let t = -20 + c. Is t composite?
False
Let a = 536 - -113. Is a prime?
False
Let n = -11 + 12. Let k(y) = 486*y + 1. Is k(n) a composite number?
False
Let z(g) = 223*g + 5. Is z(2) a composite number?
True
Suppose -11*j = -0*j - 67837. Is j prime?
False
Is (-4)/4*(-163 - -6) a prime number?
True
Let c = 116 + -3. Is c composite?
False
Suppose -2*m - 8 = 4. Let x = 12 + m. Is ((-10)/x)/(6/(-126)) a prime number?
False
Let a(j) = 34*j**2 + 17*j - 9. Is a(-8) a prime number?
False
Suppose -5*r + 2*j = -16, -6*r - 3*j + 26 = -r. Suppose 2*n - z = 402, -5*z = -r*n + 3*n + 192. Is n composite?
True
Suppose 0 = -4*f - 116 + 624. Is f prime?
True
Let b = -27 - -34. Is b a prime number?
True
Suppose 0 = -2*x + 22 + 144. Is x a prime number?
True
Let d = 69 + -2. Is d a composite number?
False
Let d = 651 - 440. Is d a prime number?
True
Suppose -3*s + 8